 when 89003 is divided by 50?
3
What is the remainder when 5049 is divided by 31?
27
What is the remainder when 37356 is divided by 4?
0
Calculate the remainder when 4462 is divided by 19.
16
What is the remainder when 9362 is divided by 40?
2
Calculate the remainder when 24224 is divided by 12.
8
Calculate the remainder when 17847 is divided by 25.
22
What is the remainder when 125978 is divided by 1105?
8
Calculate the remainder when 5230107 is divided by 548.
543
Calculate the remainder when 13947 is divided by 6968.
11
Calculate the remainder when 522 is divided by 261.
0
Calculate the remainder when 27137 is divided by 36.
29
What is the remainder when 435087 is divided by 15?
12
What is the remainder when 89153 is divided by 179?
11
Calculate the remainder when 12234 is divided by 20.
14
Calculate the remainder when 11739 is divided by 968.
123
Calculate the remainder when 328300 is divided by 61.
59
Calculate the remainder when 15776 is divided by 2240.
96
Calculate the remainder when 10765 is divided by 774.
703
Calculate the remainder when 809091 is divided by 67.
66
Calculate the remainder when 1103 is divided by 172.
71
What is the remainder when 2610 is divided by 847?
69
Calculate the remainder when 957 is divided by 139.
123
Calculate the remainder when 61076 is divided by 593.
590
Calculate the remainder when 2679 is divided by 40.
39
What is the remainder when 874870 is divided by 6?
4
Calculate the remainder when 7455 is divided by 82.
75
What is the remainder when 7678568 is divided by 10?
8
What is the remainder when 5792 is divided by 197?
79
What is the remainder when 10893 is divided by 376?
365
What is the remainder when 207 is divided by 24?
15
Calculate the remainder when 10079 is divided by 71.
68
What is the remainder when 183179 is divided by 2348?
35
Calculate the remainder when 3918 is divided by 47.
17
Calculate the remainder when 989 is divided by 321.
26
Calculate the remainder when 35581 is divided by 771.
115
Calculate the remainder when 1384356 is divided by 187.
182
Calculate the remainder when 1789727 is divided by 4.
3
Calculate the remainder when 799938 is divided by 460.
458
What is the remainder when 774 is divided by 159?
138
Calculate the remainder when 3381622 is divided by 67.
65
What is the remainder when 513474 is divided by 14?
10
Calculate the remainder when 83815 is divided by 54.
7
What is the remainder when 49444 is divided by 785?
774
What is the remainder when 5054 is divided by 187?
5
Calculate the remainder when 3895 is divided by 21.
10
Calculate the remainder when 22489 is divided by 523.
0
Calculate the remainder when 1295435 is divided by 246.
245
What is the remainder when 42348 is divided by 255?
18
Calculate the remainder when 43142 is divided by 44.
22
What is the remainder when 29109 is divided by 4?
1
What is the remainder when 16679 is divided by 5556?
11
What is the remainder when 1337 is divided by 550?
237
Calculate the remainder when 80618 is divided by 40308.
2
Calculate the remainder when 12805 is divided by 321.
286
Calculate the remainder when 1873 is divided by 940.
933
What is the remainder when 1097 is divided by 161?
131
What is the remainder when 24925 is divided by 9?
4
Calculate the remainder when 88560 is divided by 615.
0
Calculate the remainder when 4672 is divided by 1550.
22
What is the remainder when 771610 is divided by 49?
7
What is the remainder when 51102 is divided by 26?
12
Calculate the remainder when 45090 is divided by 171.
117
What is the remainder when 193843 is divided by 96921?
1
What is the remainder when 91726 is divided by 49?
47
Calculate the remainder when 934 is divided by 12.
10
What is the remainder when 6394702 is divided by 16?
14
Calculate the remainder when 96137 is divided by 48.
41
What is the remainder when 45884 is divided by 2698?
18
Calculate the remainder when 13659 is divided by 105.
9
What is the remainder when 25209 is divided by 525?
9
What is the remainder when 45087 is divided by 43?
23
Calculate the remainder when 21077 is divided by 112.
21
Calculate the remainder when 10670 is divided by 282.
236
Calculate the remainder when 31917 is divided by 76.
73
Calculate the remainder when 150307 is divided by 1617.
1543
What is the remainder when 16980 is divided by 1415?
0
What is the remainder when 1839 is divided by 1565?
274
Calculate the remainder when 15452 is divided by 21.
17
Calculate the remainder when 28139 is divided by 1180.
999
What is the remainder when 285535 is divided by 8?
7
What is the remainder when 4283 is divided by 119?
118
Calculate the remainder when 111599 is divided by 150.
149
Calculate the remainder when 1352511 is divided by 7773.
9
What is the remainder when 158004 is divided by 11285?
14
What is the remainder when 3578 is divided by 497?
99
Calculate the remainder when 6157232 is divided by 379.
377
What is the remainder when 390236 is divided by 72?
68
Calculate the remainder when 885 is divided by 200.
85
What is the remainder when 1829 is divided by 301?
23
Calculate the remainder when 32498 is divided by 32.
18
Calculate the remainder when 32753 is divided by 536.
57
Calculate the remainder when 811 is divided by 136.
131
Calculate the remainder when 5514 is divided by 249.
36
What is the remainder when 14695 is divided by 111?
43
What is the remainder when 18129 is divided by 475?
79
What is the remainder when 113260 is divided by 1988?
1932
Calculate the remainder when 82822 is divided by 3.
1
Calculate the remainder when 505321 is divided by 168437.
10
Calculate the remainder when 898071 is divided by 22.
9
Calculate the remainder when 6873 is divided by 6748.
125
Calculate the remainder when 34613 is divided by 268.
41
Calculate the remainder when 219 is divided by 44.
43
What is the remainder when 956762 is divided by 239188?
10
Calculate the remainder when 166069 is divided by 591.
589
What is the remainder when 8392 is divided by 1355?
262
What is the remainder when 48910 is divided by 4440?
70
Calculate the remainder when 1634577 is divided by 181619.
6
What is the remainder when 9426 is divided by 1314?
228
What is the remainder when 79061 is divided by 49?
24
Calculate the remainder when 2754 is divided by 4.
2
Calculate the remainder when 3575 is divided by 81.
11
What is the remainder when 21415 is divided by 2371?
76
Calculate the remainder when 2985 is divided by 1410.
165
Calculate the remainder when 2044 is divided by 49.
35
Calculate the remainder when 84736 is divided by 2569.
2528
Calculate the remainder when 50252 is divided by 2791.
14
What is the remainder when 35798 is divided by 17894?
10
What is the remainder when 457526 is divided by 31?
28
What is the remainder when 3815 is divided by 78?
71
Calculate the remainder when 148 is divided by 22.
16
Calculate the remainder when 2855 is divided by 556.
75
What is the remainder when 173 is divided by 113?
60
What is the remainder when 58032 is divided by 443?
442
What is the remainder when 3013 is divided by 50?
13
What is the remainder when 4261 is divided by 54?
49
What is the remainder when 8109 is divided by 30?
9
What is the remainder when 3150 is divided by 627?
15
Calculate the remainder when 2050 is divided by 1507.
543
Calculate the remainder when 19837 is divided by 239.
0
What is the remainder when 7169 is divided by 113?
50
Calculate the remainder when 5414 is divided by 773.
3
Calculate the remainder when 14941 is divided by 305.
301
Calculate the remainder when 642615 is divided by 342.
339
Calculate the remainder when 6770 is divided by 13.
10
Calculate the remainder when 1423 is divided by 204.
199
Calculate the remainder when 2893 is divided by 1071.
751
Calculate the remainder when 91797 is divided by 200.
197
Calculate the remainder when 722084 is divided by 10.
4
What is the remainder when 18 is divided by 3?
0
Calculate the remainder when 89281 is divided by 17.
14
Calculate the remainder when 54005 is divided by 157.
154
What is the remainder when 2138 is divided by 619?
281
Calculate the remainder when 4433 is divided by 552.
17
Calculate the remainder when 44213 is divided by 1693.
195
What is the remainder when 667795 is divided by 881?
878
Calculate the remainder when 4385 is divided by 2